True
Let h(j) = 2*j - 32. Let o be h(16). Suppose 3*v + 2*b - 9119 = o, 0*v - 2*b = 5*v - 15193. Is v a composite number?
False
Let w(i) = -i**3 - 2*i**2 - 7. Let v be w(-3). Suppose 3*a - 4*m = 1292, -v*a = 3*m - 477 - 356. Suppose -2*d = -1182 - a. Is d prime?
False
Let t be (-64)/(-10) + -1*20/50. Suppose 2*w - 441 = 3*r, w - t*r + 7*r = 218. Is w composite?
True
Is 2982/8 - (-32)/128 a prime number?
True
Let b be 6 + (0 + 2 - -1). Suppose -4*s + b*s = m, 4*m = 3*s. Suppose s = 3*j - 2*j - 263. Is j prime?
True
Suppose -44*h + 118032 = -158684. Is h a prime number?
False
Suppose -4*z - 32 = 32. Let h = z + 101. Suppose 4*x - 297 = -h. Is x a composite number?
False
Let c be (-2 + 6/4)*-4. Let a = -2 - c. Is (-271)/a - 9/12 prime?
True
Let h(s) = -297*s + 10. Let y(o) = o - 1. Let f(d) = h(d) + 5*y(d). Is f(-6) composite?
True
Suppose -26*u + 16890 = -153748. Is u composite?
False
Suppose 6 - 9 = -v. Suppose v*j + 965 = -280. Let h = j + 729. Is h composite?
True
Let u = 7 + -4. Suppose 3*k - 2562 = -u*m, -4*k - 860 = -m - 7*k. Is m a prime number?
False
Suppose t - 2 + 0 = 0, 16 = -2*o + 5*t. Let h be (-1)/(o/(-18)*1). Is (-1)/(h/(-3))*-14 composite?
False
Let o = -6659 + 28074. Is o a composite number?
True
Let m = 5994 - -19400. Is m composite?
True
Let s = 0 + 31. Suppose 6*f + 5*a - 93 = 3*f, -f - 4*a = -s. Is f a prime number?
True
Let i(d) = 5 - 3*d - 5*d - d - 2*d. Let g be i(-5). Let x = g - 11. Is x a prime number?
False
Let q = -87 - -91. Suppose -3*u + 3212 = u - q*f, 0 = 3*u - 2*f - 2409. Is u composite?
True
Let k = 27940 + -13871. Is k composite?
True
Suppose 8*z - 5*z = 2724. Let j = z + -615. Is j prime?
True
Let g = 16 + -11. Suppose 830 = -g*x + 2735. Is x a composite number?
True
Suppose -226*k + 129252 = -214*k. Is k a composite number?
False
Let c(l) = 10*l**3 - 1. Let x be c(1). Let t = -6 + x. Suppose w = -0*w + 4*k + 79, 3*w = -t*k + 252. Is w composite?
False
Let j = 12070 - 7511. Is j composite?
True
Let l = 2033 - 84. Is l a composite number?
False
Suppose -c + 2546 = 5*y - 37986, -5*y = -c + 40482. Is c a composite number?
False
Suppose 57194 = 14*q + 20360. Is q a composite number?
True
Let o(b) = 21*b**2 - 15*b - 133. Is o(-18) composite?
True
Suppose 80*h = 65*h + 371055. Is h composite?
True
Suppose -3*a - 1475 = -u - 0*a, -5*u + 7327 = a. Suppose 3*s - q - 2199 = 0, 0 = -2*s - q - q + u. Is s a composite number?
False
Suppose -5*z = 2*i - 15913, 9*z + i + 6367 = 11*z. Is z a composite number?
True
Let i(t) = -t**3 - 8*t**2 - 2*t - 11. Let a be i(-7). Let u = a + 164. Let w = u + 147. Is w a prime number?
False
Let b = 17160 + -11353. Is b composite?
False
Suppose 5*v + 8 = 33. Suppose 267 = b - 3*m - 328, 3*b + v*m = 1757. Is b a composite number?
True
Suppose 21*j - 22583 = 10*j. Is j a composite number?
False
Suppose 0 = 3*l + 25 - 7. Let d be 325/78 - (-1)/l. Let h = 75 - d. Is h a prime number?
True
Let t(y) = -4*y - 31. Let i be t(-9). Suppose n + 1956 = i*f - 752, 5*n = -5*f + 2690. Is f a prime number?
True
Let p(l) = -l**2 + 4*l + 21. Let a be p(-3). Suppose a = 2*k + 17*k - 2299. Is k a prime number?
False
Suppose 0 = -5*i + 2*g - 630, -5*i = 4*g - 4 + 664. Let s = i - -234. Is s composite?
True
Suppose 0 = 15*s - 150137 - 667948. Is s a prime number?
True
Suppose -4*i - 1470 = 2*r, 440 = -i - 4*r + 83. Suppose -5*k = 3*j - 2225, j = -2*k - 2*k + 744. Let q = i + j. Is q a composite number?
True
Let i be 4*((-5458)/(-4) + 2). Is i/4 - 12/(-24) composite?
False
Suppose -2*s = 2*u - 3066, -2*s + 2096 = -2*u - 954. Is s a composite number?
True
Let t(i) be the second derivative of -17*i**3/6 - i**2/2 - 15*i. Is t(-15) a composite number?
True
Suppose y - 12040 = 8*y. Let r = 3873 + y. Is r prime?
True
Is (-13)/((-5434)/(-44)) - 169539/(-19) a prime number?
True
Suppose -2 - 2 = -j. Suppose 3 = 5*r - j*r. Suppose -185 = -r*i + 304. Is i composite?
False
Let y(c) = 16410*c**2 - 36*c + 37. Is y(1) composite?
False
Is (-11*(-2)/22)/(1/3847) a prime number?
True
Let x = -1715 - 899. Let d = -1836 - x. Suppose 5*r + d = 2*m, 5*m + 242 - 2117 = -5*r. Is m composite?
False
Let k(w) = -w + 7. Let y be k(5). Suppose s + 1 = -2*o, 3*o - y*s + s - 11 = 0. Suppose o*g - 382 = -0*g. Is g a prime number?
True
Is 6387/(-6)*(-4 + 0/(-4)) prime?
False
Suppose b + 7 = r, -3*b = 2*r + b + 4. Suppose r*g - 2*w - w - 28 = 0, -3*w - 12 = 0. Suppose -o = 3*y - 11 - 11, -o - g*y + 23 = 0. Is o a prime number?
True
Is (-35568)/(11 + -23) - (0 - -1) composite?
False
Let c(b) = -777*b**2 - 3*b - 1. Let n be c(-1). Let x = 1260 + n. Is x a composite number?
True
Let t be -3 + (3 - -1) - 1. Let b = 0 - -2. Suppose -5*u + 425 = -5*l, b*u + t*u - 184 = -5*l. Is u a prime number?
False
Let w = 62 + -70. Let b(p) = -125*p + 11. Is b(w) a composite number?
True
Let p = 7806 - 5314. Let v = -907 + p. Is v a prime number?
False
Suppose 9*n = -6*n + 78315. Is n a composite number?
True
Is ((-10761)/(-5))/1 - (-20)/25 a prime number?
True
Suppose -28*x - 17504 = -2*q - 24*x, q - 8731 = -5*x. Is q composite?
True
Let k = 79 - -183. Suppose -2*z = k + 978. Let n = 907 + z. Is n composite?
True
Suppose 2*y = 12*y - 20. Suppose 0 = -4*a + y*i + 772, 2*a + 3*i + 585 = 5*a. Is a composite?
False
Let m be ((-11220)/4)/1 + 1. Is 3 - ((-12)/(-18) - m/(-3)) prime?
True
Let l(a) = 3*a**2 + a - 7. Let q be l(-3). Suppose q*j = 20*j - 8367. Is j a composite number?
False
Suppose -5*b = 5*t - 3640, -b + 1464 = b + 4*t. Suppose 4*f - b = -q, -4*f - 3*q = f - 898. Let c = -89 + f. Is c prime?
False
Let z be (1/7)/(3/21). Let i be 0/(z - 1 - -2). Let j(r) = 2*r + 557. Is j(i) a composite number?
False
Suppose 0 = d - 0*d. Suppose -36 = -3*f + x - 4*x, d = f - 4*x - 7. Suppose t - 221 = 3*y, 4*y + 9 = -f. Is t a composite number?
True
Let n(i) = -i**3 - 13*i**2 + 26*i - 11. Let p be n(-18). Suppose -4*y = -2263 - p. Is y composite?
True
Suppose 2*q = -4*d - 1288 - 410, -2*q + 4*d - 1674 = 0. Is (-1)/1 - (q + 29) a composite number?
True
Let c(i) = 46*i + 5. Let k be (8/(-20))/((-2)/10). Let w be c(k). Suppose 3*v - 2*y = w, -4*y = -v + y + 28. Is v a prime number?
False
Suppose -3*k + 4*w + 1576 = k, 3*k - 1180 = w. Suppose -384 - k = -3*p. Is p composite?
True
Suppose -130*y - 122826 = -136*y. Is y prime?
False
Let u = 2 - 6. Is 91 - 0 - (-6 - u) a composite number?
True
Let d = -30 + 34. Suppose -2*l - 2*y - 88 = 3*l, d*l + 4*y = -80. Let b(u) = u**3 + 16*u**2 - u - 9. Is b(l) a composite number?
False
Suppose -4*f = 3*g - 74513, -f + 3*f + 74501 = 3*g. Is g composite?
True
Let m(p) = 17*p**3 + 3*p**2 - 13*p + 9. Is m(6) composite?
True
Is 1/(-6) + 2 + 633575/30 composite?
False
Let i(s) = 21*s + 281. Is i(42) a prime number?
True
Suppose a + 3*d = -35, 4*a = -2*d - 2*d - 124. Let r be 5*((-111)/(-5) - 1). Let f = r + a. Is f composite?
True
Suppose 4*c = s - 7, -3*s - 2 = -3*c - 14. Suppose -2*j + 4 = -8*p + s*p, j + 3*p = 2. Suppose j*m = 7*m - 2110. Is m prime?
False
Let y(z) = 0*z**2 + 0*z**2 + z - z**2 + 2 + 1. Let q be y(2). Is (-3)/q*3970/(-30) a prime number?
True
Is (-190)/25 + 8 + (-47333)/(-5) prime?
True
Let l = 12581 + -5242. Is l a prime number?
False
Suppose -104 = 5*a - 4*c, 4*a - 10 = 4*c - 90. Suppose 2*l - 8 = 4*l. Is ((-2238)/a)/((-1)/l) prime?
True
Let b(q) = 346*q + 107. Is b(17) a composite number?
True
Let m = 16 - -20. Let a = -17 + m. Is a a prime number?
True
Let y(z) = 213*z**2 - 2*z. Suppose 18 = 5*r + 13. Is y(r) a composite number?
False
Let p(s) = 229*s - 6. Let f be (-3)/(-6) + (-14)/(-4). Let z be p(f). Let b = z + -515. Is b prime?
False
Let y(d) = d**3 - 9*d**2 + 5*d + 6. Let m be y(9). Suppose 0 = 5*t - 4*t - 4. Suppose -t*q + m = 5*x - 0*x, q + x - 13 = 0. Is q a composite number?
True
Suppose -3*n + 3*u = 3, 0 = u + 3*u - 12. Suppose -2462 = -4*s - n*j, -s = 2*j + 24 - 647. Is s a composite number?
False
Let d(k) = -k**3 - k**2 + 3*k + 1. Suppose 10 = -0*b + b. Suppose 4*g = -10 - b, -3*g = 2*n + 27. Is d(n) a prime number?
True
Is 4/12*808224/32 prime?
True
Suppose 4*w = 5*w + 4*p - 791, 5*p = 3*w - 2288. Suppose -17*s - w = -18*s. Is s prime?
False
Suppose -38 = -9*o - 2. Let z(i) = 32*i**2 + 5*i - 3. Is z(o) a composite number?
True
Suppose 15 = 3*z + 2*z. Let f = 3 - z. Suppose 3*k = -f*k + 669. Is k composit